 50*a - 4440 = 0. What are the prime factors of a?
3, 5, 37
Suppose -14 = -2*h - 4*l, -20 = -2*h - h - 5*l. Suppose 0 = -g + 4*m + 267, -1475 = -h*g + 4*m - 188. List the prime factors of g.
3, 5, 17
Suppose i = o - 1286, 2*o - 6*i + 2*i = 2564. List the prime factors of o.
2, 3, 5, 43
Let b = -3331 + 6706. What are the prime factors of 3/(b/1120 - 3)?
2, 7
Let v be -1 + (3*-94)/3. Let h = 1 - v. List the prime factors of h.
2, 3
Let h(w) = -3*w**2 + 113*w + 16. What are the prime factors of h(13)?
2, 3, 163
Let l = -165 + 235. Let o = l - -124. List the prime factors of o.
2, 97
Suppose -2*u - 11 = 5*w, 3*w + 10 = 1. Suppose o - 3*m = u*m + 16, -5*o + 136 = 3*m. List the prime factors of o.
2, 13
Suppose 3*v - 14 = 5*z, 38 = v + 4*v - z. Suppose -5*j + v = -362. List the prime factors of j.
2, 37
Let f(h) = -10 + 2*h**2 - 4*h + 0 + 7 + 0. Let y(r) = -2*r + 5. Let s be y(4). What are the prime factors of f(s)?
3
Let o(h) = h**2 - 7. Let y be o(3). Suppose -3*b + y*t - 3*t + 620 = 0, 2*b + t = 414. What are the prime factors of b?
2, 103
Let p(z) = -8*z - 4 + z**2 - 2*z**2 + z. Let k be p(-6). List the prime factors of (10*k + 0)/2.
2, 5
Let a(i) = 7*i + 17. Let f be a(7). Let z = 3 + f. What are the prime factors of z?
3, 23
Let a(d) = 74*d**3 - d**2 + d - 3. Let r(b) = 149*b**3 - 2*b**2 + 2*b - 7. Let c(x) = 5*a(x) - 2*r(x). What are the prime factors of c(1)?
71
Let j(k) = 2*k**2 + 2*k - 4. Let s be j(-4). Suppose 3*n - s - 13 = 0. Suppose n = -5*a + 26. What are the prime factors of a?
3
Let i(g) = -g - 1. Let o be i(-4). Suppose 8*z = o*z + 190. What are the prime factors of z?
2, 19
Let l be ((-4)/6)/((-1)/(-6)). Let s be (-3)/(-5 + l)*-3. List the prime factors of 43 + (s - 3) - -1.
2, 5
Let x be -169 + -2 + 3 + -1. Let h = x + 324. Suppose 0*l + h = 5*l. What are the prime factors of l?
31
Let z(d) = -d - 1. Let o(m) = 14*m + 19. Let l(c) = -o(c) - 4*z(c). List the prime factors of l(-8).
5, 13
Let i(s) = 2*s**3 - 12*s**2 - 7*s + 15. Let l be i(6). What are the prime factors of 6/l - 8/(-36)*577?
2
Let r(b) = -3*b - 1. Let k(a) = a**2 + 6*a - 1. Let f be k(-6). Let s be r(f). Suppose 5*q = s*y + 18 + 38, -2*y = 5*q - 44. List the prime factors of q.
2, 5
Suppose 0 = 37*t - 6269 - 7310. List the prime factors of t.
367
Suppose 5*a = 2*a - 3. Let l = a + -3. List the prime factors of l/(-6)*(-171)/(-6).
19
Let h = -10 - -17. Suppose 2*o + 5*x + 1 = -h, 4*x = 2*o + 8. What are the prime factors of (27/6)/((-2)/o)?
3
Let d be (-41202)/24 - 12/(-16). What are the prime factors of (21/2)/((-117)/d)?
2, 7, 11
Suppose b - 4*b = 0. Let m(z) = z**3 + z**2 + 9. Let x be m(b). Let a(u) = 8*u - 6. What are the prime factors of a(x)?
2, 3, 11
What are the prime factors of ((-7)/(-21))/((1/(-2265))/(-1))?
5, 151
Let b(t) = -t**2 - 5*t + 6. Let w be b(-6). Let m be 2 + w + 45 + -1. What are the prime factors of (-1)/((-1)/m) - -3?
7
Let s be -3 - (0 - 5) - 2. List the prime factors of 2 + -1 - (-27 - s).
2, 7
Let s(a) = 4*a - 44. Let k be s(11). Suppose k = 3*l - 447 - 27. List the prime factors of l.
2, 79
What are the prime factors of (-4)/((-72)/(-3)) + 40070/12?
3, 7, 53
Let h(r) = -r**3 + 6*r**3 + 3584*r**2 - 1 - 3590*r**2 + 6*r. List the prime factors of h(4).
13, 19
Let v = -49 + 49. Suppose v = -8*h + 665 + 247. What are the prime factors of h?
2, 3, 19
Suppose f + 3865 = 5*w, 4*f + 2319 = 3*w - f. List the prime factors of w.
773
Let j = -65 - -65. Suppose 6*x - x + 2*o - 414 = j, -5*o = 4*x - 338. List the prime factors of x.
2, 41
Suppose -47*v - 622 = -49*v. What are the prime factors of v?
311
Let c(j) = 34*j**2 - 5*j + 4. Suppose -5*a + 1 = 4*x, -3*a = 2*a - x - 6. What are the prime factors of c(a)?
3, 11
Let i be 6 - 7/((-14)/(-4)). Suppose -w + 3 = -v - 13, -i*w = v - 39. What are the prime factors of w?
11
Let a(v) = v**2 + 6*v - 2. Suppose 13*t + 88 = 5*t. What are the prime factors of a(t)?
53
Suppose h = 24*h - 78936. List the prime factors of h.
2, 3, 11, 13
Let t = -26 + -234. List the prime factors of (-2)/6 + t/(-6).
43
Suppose -7*d + 5*d + 8 = 0. Suppose -d*n = -n + 315. List the prime factors of ((-8)/(-10))/((-6)/n).
2, 7
Let q be 24/56 + (-50)/(-14) + 1. Suppose q*w = -216 + 831. What are the prime factors of w?
3, 41
Let x(k) = k**3 - 13*k**2 - 15*k + 20. Let q be x(14). List the prime factors of (q/4)/((-9)/(-18)).
3
Suppose -5*q = 25, -q + 23 = 2*n - 14. List the prime factors of n.
3, 7
Let o be (-4)/(-1)*(-1 - 1). Let n(u) = -2*u**3 - 10*u**2 - 3*u + 10. Let c(q) = -q**3 - q**2. Let g(l) = c(l) - n(l). List the prime factors of g(o).
2, 3, 5
Suppose 15*k = 17*k - 2. Suppose 3 = r - k. What are the prime factors of r?
2
Suppose -5*y + 41 = 2*s - 6*s, 4*s + 26 = 2*y. Suppose -y*t + i + 543 = -3*i, t - 120 = -3*i. What are the prime factors of t?
3, 37
Let d(f) = -f**3 + 3*f**2 - f + 1. Let y be d(2). Suppose -2*t + 186 = 4*l, 3*l + y*t = 57 + 75. What are the prime factors of l?
7
Suppose 0 = -14*b + 331 + 3855. List the prime factors of b.
13, 23
Let s be (24/15)/(12/(-30)). Let b be (s + -8*3)*-1. Let z = 41 - b. List the prime factors of z.
13
Suppose 0 = -74*q + 78*q. Suppose 0*z - 2*z + 220 = q. List the prime factors of z.
2, 5, 11
Let j(a) = a**3 + 5*a**2 - 6*a + 2. Let n be j(-6). Suppose 3*k - n = -5. Let q = 9 + k. List the prime factors of q.
2
Suppose 0 = 3*h - h. Suppose h = 28*p - 21*p - 252. What are the prime factors of p?
2, 3
Suppose 4879 = 5*b - 2*t, b - 678 = -t + 295. What are the prime factors of b?
3, 5, 13
Suppose -2*x = v + 157, -2*v - 183 = -5*x + 113. Let c = v + 403. List the prime factors of c.
2, 5
Let m(r) = -r**2 - 9*r - 4. Let u be m(-8). Suppose -u = -n + 2. Suppose -7*a + n = -4*a. What are the prime factors of a?
2
Suppose 0 = 623*h - 637*h + 14882. What are the prime factors of h?
1063
Let o(s) = 6*s**2 - 14*s + 9. Let d be o(7). Suppose -3*u - d = -8*u. Suppose -9*y + u = -8*y. List the prime factors of y.
41
Suppose 5*x - 2 = 13, -2*r - 2*x = -16. Suppose -r*u + 2 = -8, 223 = 3*n - u. What are the prime factors of n?
3, 5
Let n = -225 - -484. What are the prime factors of n?
7, 37
Let y(g) = -g**3 - 6*g**2 + 7*g - 1. Let b be (-63)/6*(-2)/(-3). Let c be y(b). Let a(s) = 8*s**2 - 2*s - 1. What are the prime factors of a(c)?
3
Suppose 4 = -6*x - 14. Let s = x - -7. List the prime factors of s.
2
Suppose -28*s = -31*s - 210. Let d = s - -174. What are the prime factors of d?
2, 13
What are the prime factors of ((9 - 4) + -4)*1125?
3, 5
Let k be 9 + -6 - (-1 + 0). Suppose -g - 2*g - 5*b + 580 = 0, k*g - 2*b - 782 = 0. What are the prime factors of g?
3, 5, 13
Suppose 0 = -4*v - 4*c + 3216, 8*c + 3198 = 4*v + 6*c. What are the prime factors of v?
3, 89
Let n = 299 + 1456. List the prime factors of n.
3, 5, 13
Let x(o) = o**2 + 7*o + 9. Let q be -2*(-1)/4*-14. Let h(n) = n + 1. Let m be h(q). What are the prime factors of x(m)?
3
Suppose -3*c = -2*v + 66, 2*v + 4*c = -c + 66. Suppose -f - 4*z = -4*f + 2, 2*f - 5 = -z. Suppose f*m = -5 + v. List the prime factors of m.
2, 7
Suppose -4*v = -8*v + 80. Suppose -2*l + v = 3*l. Suppose 12 = l*h - 8. What are the prime factors of h?
5
Suppose -2*i - 2*r + 12 = 0, -i + 0*i + 18 = 4*r. Let q(a) = 5*a**3 - 3*a**2 - 2*a + 1. What are the prime factors of q(i)?
5
Let p(t) = 12*t**2 - 8*t - 90. What are the prime factors of p(-6)?
2, 3, 5, 13
Let u = 7436 + -5101. List the prime factors of u.
5, 467
Let u(g) be the first derivative of 13*g**4/24 + g**3/3 - 3*g**2/2 - 3. Let y(l) be the second derivative of u(l). List the prime factors of y(2).
2, 7
Let g(m) = 1. Let u(r) = 5. Let y(a) = -4*g(a) + u(a). Let f(s) = 13*s + 2. Let l(c) = f(c) - 4*y(c). List the prime factors of l(4).
2, 5
Let a(p) = -28*p - 5. List the prime factors of a(-14).
3, 43
Let x(l) = -l**2 - l. Suppose h + k - 5 = 0, -5*h + 0*k = k - 17. Let f be x(h). What are the prime factors of ((-34)/4)/(3/f)?
2, 17
Let b(a) be the third derivative of 2/3*a**3 - 1/24*a**4 + 0*a - 3*a**2 + 0 + 1/60*a**5. List the prime factors of b(0).
2
Let b(h) = -63*h - 50. Let c(o) = 13*o + 10. Let w(x) = -2*b(x) - 11*c(x). Let j be (-10)/3 + 4/(-6). What are the prime factors of w(j)?
2, 29
Let c(j) = -2*j**3 + 19*j**2 + j - 1. Let s(o) = -4*o**3 + 37*o**2 + 2*o - 3. Let l(r) = -5*c(r) + 2*s(r). Wh